-10396. Is u composite?
True
Suppose -4*f = -2*a - 2516, 5*a = -f - 3804 - 2497. Let u = 6121 + a. Is u a composite number?
False
Let d(h) = h - 9. Let j be d(17). Let c(v) = 56*v + 33. Is c(j) composite?
True
Suppose 4*f + u = 2*u + 64728, -3*f + 5*u + 48529 = 0. Is f a composite number?
False
Let v be ((-2)/5)/((-2)/820). Let g = 203 - 106. Let u = v - g. Is u a prime number?
True
Let m(d) = 13*d + 31. Let a be m(9). Suppose y + a = 5*y. Is y prime?
True
Suppose -55*y = -16*y - 64389. Is y a prime number?
False
Let l be (-286)/(-39) + 2/(-6). Suppose l = 2*y - 3. Suppose -k + 3*k + 708 = 4*f, 0 = -y*f + 3*k + 884. Is f prime?
False
Let h(w) = w**3 + 7*w**2 + 4. Let t be h(-7). Let f be -2 + 1 - (-1360)/t. Suppose 3*z = y + z - 71, 5*y - 2*z - f = 0. Is y a composite number?
False
Let h = -59 - -88. Suppose -30*b + 117 = -h*b. Suppose -4*z - 3*o = -b - 21, 3*o = 2*z - 60. Is z composite?
True
Let h = 18997 - 11234. Is h a prime number?
False
Suppose -4*w = -11*w - 49. Let d = w - -244. Is d a composite number?
True
Let p(x) = -2*x**2 - 2*x - 7*x**3 + 11*x**3 - 7 + 2*x. Is p(5) a composite number?
False
Let w = -4982 + 21810. Suppose 2*f + w = 5*x - f, -5*f = 4*x - 13455. Is x a prime number?
False
Suppose 17*j - 6*j - 5962 = 0. Is j composite?
True
Let q be 4654*(12/(-8))/(-3). Let y = q + -1278. Is y prime?
True
Suppose 25*s - 14*s - 103543 = 0. Is s composite?
False
Suppose 0 = 3*b - 2*x - 4, 10*b - 5*b = -5*x + 40. Suppose -5*s + 2*u + b = 0, 8 + 4 = 4*u. Suppose 318 = 2*v - s*q, 3*v + 0*q + q = 485. Is v prime?
False
Is 435 + -32 + (0 - -6) a composite number?
False
Is (345550 + -1)*(-15 - -1)/(-42) prime?
True
Suppose -5*n = -0*n - n. Suppose 5*l - 3*r - 58 = n, -4*r + 3*r - 24 = -2*l. Is l composite?
True
Suppose 4 = -x, 3*c - x = -639 - 2531. Let o = -2309 - c. Let n = -704 - o. Is n a composite number?
False
Let r(i) = -i**2 - 13*i - 9. Let l be r(-12). Let h be ((-24)/16)/(l/4). Is -13 + 13 - 382/h a composite number?
False
Let x be -3 + -1 - (16962 + 1). Let j = -10294 - x. Is j composite?
False
Suppose 0 = 15*l - 190874 - 1155421. Is l a prime number?
True
Suppose 25132 = -12*o - 24968. Let r = -1746 - o. Is r a prime number?
False
Suppose -5*o = -o - 12. Let f(n) = n**3 - 40*n**2 - 37*n - 134. Let i be f(35). Is ((-8)/16)/(o/i) a composite number?
False
Let a = 3993 - 1991. Let d = a - 1343. Is d prime?
True
Suppose -v = 17*v - 6786. Is v prime?
False
Suppose -7*d - k = -11*d + 18551, -3*d - 2*k + 13905 = 0. Is d prime?
True
Let k be 24/(-14)*(3 + -10). Suppose -3*m + 0*m + k = 0. Suppose 7*d - 465 = m*d. Is d a prime number?
False
Suppose 5*v + 4*h = 40, -2*v + 3*h = -h + 12. Suppose -m - 5318 = -v*n, 2*m + 859 - 2184 = -n. Is n a prime number?
False
Let j(i) = -3*i - 2. Let h be j(-4). Suppose -1 = -3*u - h. Is 34*(4 - u) + 1 a prime number?
True
Suppose -8*p - 21926 = -6*p. Let a = p - -20754. Is a a prime number?
True
Let x(r) = r**3 - 15*r**2 - 20*r + 16. Suppose 3*y + 35 = 86. Let p be x(y). Suppose 0 = 6*h - p - 724. Is h a composite number?
False
Let a = 64066 + -45143. Is a composite?
True
Let x = 196 + -10. Suppose -r = -5*g + r + 289, -3*g = 3*r - x. Is g composite?
False
Let b(i) = -3*i**3 + 9*i**2 + 6*i - 9 - 5*i + 2*i**3. Let x be b(9). Suppose f - 490 + 37 = x. Is f prime?
False
Let i(y) = -5*y**2 - y - 6. Let u(l) = 14*l**2 + 3*l + 17. Let q(o) = 11*i(o) + 4*u(o). Let j = 0 - -4. Is q(j) prime?
False
Let a = -1249 - -723. Let t = 1077 + a. Is t composite?
True
Suppose 0 = 3*y + l - 5212, 0 = -y - l - 692 + 2426. Is y a composite number?
True
Suppose 3*w + b = -1930, w + 658 = -b - 3*b. Let c = 824 - w. Is c a prime number?
False
Is -1 - -6387 - -1*(11 + -8) a prime number?
True
Let o = 58 - -861. Is o composite?
False
Suppose -20977 = -2*x - 3*x - 4*p, -16787 = -4*x - 5*p. Is x a prime number?
False
Suppose -2*x = -4*q - 6, -3*x + 2*q = -3*q - 11. Let h(t) = 2*t - 9. Let w be h(x). Suppose w*z - 114 = -4*p, 5*z - 8 = z. Is p prime?
False
Let o be (-152)/(-6) + 2/3. Suppose 0 = 4*t - 2 - o. Suppose -4*h - 1527 = -t*h. Is h a prime number?
True
Suppose -4*v + 2*x + 24 = 0, v + v - 4*x - 24 = 0. Is (2 + (-6)/v)*(-2108)/(-2) composite?
True
Suppose 0 = 4093*g - 4103*g + 313550. Is g a prime number?
False
Let p be (1 - (-1 - 1)*-1)*-2. Let y(a) = 0 - 2*a + 3 + 2*a**2 + 4*a**3 - a**3. Is y(p) prime?
True
Suppose 2*k + d + 4 = 0, -2*d - 2*d = 0. Let q = -4 - k. Let v = 267 + q. Is v a prime number?
False
Let p = -23 + 23. Suppose 2*z - 10 = 0, -5*o + 270 = z - p*z. Is o composite?
False
Suppose 6*b - 9*b - 12 = 0. Is (b/(-6))/(34527/(-11511) + 3) a prime number?
True
Let n be 3579/((-3)/(-1)) + -1. Suppose 4*v + 3*f = 1348, 2*f + 493 = 5*v - n. Is v prime?
True
Let j = -100 - -103. Suppose -b + 622 = 2*t, 3*b + j*t - 2492 = -638. Is b a prime number?
False
Is 29331 + (-15)/(135/(-72)) a composite number?
False
Let d(m) = -39*m + 2. Let f be d(-3). Suppose -5*c + 241 = -c + 5*i, -f = -2*c - i. Is c prime?
True
Let w(v) be the first derivative of -v**4/4 + 10*v**3/3 + 6*v**2 - 15*v + 1. Let x be w(11). Is 6/x*830/(-15) a prime number?
True
Suppose -8*p + 7959 = -5025. Is p composite?
True
Let t = 13 + -10. Let n be (9/(-6))/t*-6. Suppose 3*u + 0 + 3 = 0, -4*s + n*u = -1999. Is s composite?
False
Let t(n) be the second derivative of 10*n**3/3 - 2*n**2 + 5*n. Let v be t(-5). Let j = v - -157. Is j a composite number?
False
Suppose 3*m = -m - 16. Is 211*((-15)/5 - m) composite?
False
Suppose 3*k + 29 = s, 40 = -4*k + 2*s - 0*s. Is ((k/(-6) + 1)*314)/1 a prime number?
False
Let h(b) = 153*b + 1. Suppose -12 = -4*j, 3*j + j = 2*m. Let z(v) = -v + 8. Let s be z(m). Is h(s) composite?
False
Let i = 105 + -114. Suppose 2*h + 32 = -0*h. Is (-24)/i*(-372)/h a prime number?
False
Let w(c) = -30*c - 9. Suppose 5*b + 60 = -4*r, -2*b - 12 = -5*r - 54. Is w(r) composite?
True
Suppose -4*q - 6*q + 50 = 0. Suppose -10*r + 12785 = -q*r. Is r a prime number?
True
Let a be 2*6/24*0. Suppose -3*y + 18008 - 4217 = a. Is y a prime number?
True
Is (-6)/(-2) - 176166/(-1 - 8) prime?
True
Let l(z) = -z**3 + 13*z**2 - 10*z - 6. Let f be l(12). Suppose g - 7 - f = -5*x, -x + 5 = 4*g. Let q(h) = 16*h + 6. Is q(x) a composite number?
True
Let v(o) = -o**3 + 14*o**2 - 19*o + 9. Let l(k) = -2*k**3 + 21*k**2 - 28*k + 14. Let j = 34 + -39. Let s(z) = j*l(z) + 7*v(z). Is s(6) prime?
True
Let g = 5050 - -1893. Is g composite?
True
Let k(w) = 382*w**2 + 10*w + 17. Is k(-9) a prime number?
True
Suppose -13*h + 26920 = -22753. Is h composite?
False
Suppose 0 = 15*l + 36*l - 432021. Is l prime?
False
Let z(r) be the first derivative of 19*r**3/3 + 9*r**2/2 + 30*r - 40. Is z(-4) composite?
True
Suppose 2*b + b = -5*l - 11, -2*l - 8 = 0. Is ((-2712)/3 - b)/(-6 - -5) a prime number?
True
Let y = -45274 + 78395. Is y a composite number?
True
Suppose w + 3 = 0, -3*y + 0 = -2*w - 6. Suppose 3*o + y*o - 4*f = 2843, 5*o - 4*f - 4749 = 0. Is o composite?
False
Suppose g = 63*o - 59*o + 51975, -2*g - 5*o = -104002. Is g a prime number?
True
Let x = -21 + 55. Suppose -x*f + 30*f + 2692 = 0. Is f prime?
True
Suppose 31 = -5*x + 101. Let m be 4/x - (-2651)/7. Let p = m + -252. Is p a composite number?
False
Let r(g) = -186*g + 5. Let l be (-47)/9 - (-24)/108. Let q be r(l). Suppose -2*x + 234 + 116 = 4*u, q = 5*x - 2*u. Is x prime?
False
Let h(o) = o**2. Let j(r) = 6*r**2 - 10*r + 15. Let q(m) = -5*h(m) + j(m). Is q(12) composite?
True
Let r(n) = 7*n + 7. Let v(b) = -3*b - 3. Let c(a) = -4*r(a) - 9*v(a). Let w be c(-2). Let j(x) = 54*x**2 + x. Is j(w) composite?
True
Suppose -5*j + 5*n = 15, -5*j + 3*j = -n + 3. Suppose -89 = -2*w - r + 19, j = 5*w - 3*r - 281. Is w composite?
True
Let l be 4314/4*(2 - (-16)/(-6)). Let n = -6 - l. Is n a prime number?
False
Let w = 7225 - 4176. Is w a prime number?
True
Let i = 3601 + 8157. Is i prime?
False
Suppose -688544 = -5*i + 3*l, -36*i - l = -41*i + 688538. Is i a composite number?
False
Suppose 3*y - 2*c - 37753 = 0, 3*y = -2*c + 39023 - 1278. Is y composite?
False
Suppose 0 = -3*p - 9, 5*p - 154 = -o + 342. Suppose 1593 = 2*r + o. Is r a composite number?
False
Suppose -4*j + 6*j = -5*y + 5193, 3*j = -2*y + 7817. Is j a prime number?
True
Suppose 4*z - 2 = 4*l - 2*l, -l = -3*z + 1. Suppose z = -3*t + 6*t + 90. Is 4/(-10) + (-17